1410?
654
What is the highest common factor of 4683 and 452913?
669
What is the highest common divisor of 81 and 4580478?
9
What is the greatest common factor of 2516 and 4086613?
629
What is the highest common divisor of 587176 and 9158?
38
What is the greatest common factor of 46552627 and 319?
319
Calculate the greatest common factor of 3835 and 1964405.
295
Calculate the greatest common factor of 5 and 427545015.
5
What is the highest common factor of 100 and 1248727300?
100
What is the highest common factor of 15236296 and 112?
8
Calculate the highest common factor of 10231 and 8333.
13
What is the highest common divisor of 418752 and 23616?
576
Calculate the greatest common factor of 507199099 and 9273.
3091
What is the greatest common factor of 417140248 and 774?
86
What is the greatest common divisor of 765 and 873205?
85
What is the highest common factor of 3558267 and 3033?
9
Calculate the highest common divisor of 768979820 and 35.
35
Calculate the greatest common factor of 12 and 8158233.
3
What is the greatest common factor of 743169715 and 6310?
3155
What is the greatest common divisor of 73442414 and 12444?
2074
Calculate the highest common divisor of 92 and 1830478.
46
What is the highest common divisor of 28454 and 32529168?
694
What is the greatest common divisor of 1433963 and 5?
1
Calculate the highest common factor of 12694 and 42306.
22
What is the greatest common divisor of 13003078 and 2519?
2519
What is the greatest common divisor of 84706090 and 21105?
2345
What is the highest common divisor of 12934780 and 4260?
1420
What is the highest common factor of 78595948 and 1993?
1993
Calculate the greatest common factor of 4594629 and 975.
39
Calculate the greatest common factor of 568 and 2878.
2
What is the highest common divisor of 53636 and 423788?
212
Calculate the highest common factor of 104662 and 698558.
2434
Calculate the greatest common divisor of 9275 and 69801.
53
What is the greatest common divisor of 494 and 14864954?
494
What is the highest common divisor of 14418 and 342383?
89
What is the highest common divisor of 1149240 and 209595?
2355
Calculate the greatest common factor of 5247176816 and 112.
112
Calculate the highest common divisor of 15776805 and 429.
33
What is the highest common divisor of 1448167 and 1101653?
3269
What is the greatest common divisor of 43925 and 4808650?
175
What is the greatest common factor of 1006005929 and 542?
271
Calculate the greatest common factor of 24843303 and 219387.
1011
What is the greatest common factor of 615736 and 1804?
44
Calculate the greatest common divisor of 18686691 and 27.
9
What is the highest common factor of 26836730 and 2795?
215
What is the highest common divisor of 138142972 and 44?
44
Calculate the greatest common divisor of 1586 and 499872308.
1586
What is the highest common factor of 183295035 and 22680?
945
What is the greatest common divisor of 1281976 and 55632?
488
Calculate the highest common divisor of 2122735 and 25.
5
Calculate the greatest common factor of 13898408 and 10504.
808
Calculate the greatest common divisor of 1175223 and 59479.
2051
What is the greatest common factor of 34 and 3964490?
2
Calculate the highest common factor of 52784989 and 1.
1
Calculate the highest common divisor of 2816 and 99913.
11
What is the highest common divisor of 6069389 and 2360?
59
What is the highest common divisor of 1460458582 and 22?
22
Calculate the greatest common divisor of 1450 and 27850.
50
Calculate the greatest common factor of 10100 and 24569260.
2020
Calculate the highest common factor of 380310 and 51765.
105
Calculate the highest common factor of 46 and 209405547.
23
What is the highest common factor of 202 and 60254?
2
Calculate the highest common factor of 192 and 17403864.
24
Calculate the highest common divisor of 3710 and 26799556.
742
Calculate the highest common factor of 7799576 and 291.
97
What is the highest common divisor of 1124760 and 1995?
105
What is the highest common factor of 12262817 and 235?
47
Calculate the highest common divisor of 222160755 and 3075.
615
What is the highest common factor of 110 and 15679440?
10
Calculate the highest common divisor of 661489 and 837799.
653
What is the greatest common divisor of 102003 and 2098508?
281
Calculate the greatest common factor of 8651619 and 86337.
1629
What is the greatest common factor of 498282 and 156?
6
Calculate the greatest common factor of 264 and 20227119.
33
What is the highest common factor of 14230 and 1547505385?
7115
What is the highest common factor of 15533299 and 23587?
229
What is the highest common divisor of 1144895 and 7906?
59
Calculate the highest common divisor of 163451633 and 303.
101
What is the highest common divisor of 232 and 187874296?
232
Calculate the greatest common divisor of 9076939 and 371.
53
What is the highest common divisor of 140760 and 30130?
230
What is the greatest common factor of 127728762 and 24?
6
Calculate the greatest common factor of 131078 and 746.
2
Calculate the highest common factor of 2468592 and 1232.
112
What is the greatest common divisor of 150090472 and 70?
14
Calculate the greatest common divisor of 10100567 and 17.
17
What is the greatest common factor of 724 and 51073856?
724
What is the greatest common divisor of 16553536 and 416?
32
Calculate the greatest common factor of 1821077196 and 24.
12
Calculate the greatest common divisor of 441 and 369286848.
63
What is the greatest common divisor of 28450085 and 95?
5
Calculate the greatest common divisor of 9508680 and 120807.
3897
Calculate the highest common divisor of 73722516 and 4926.
4926
Calculate the greatest common factor of 2691675600 and 3480.
3480
Calculate the greatest common factor of 350 and 804890.
10
Calculate the highest common divisor of 3082 and 19433551.
1541
What is the greatest common divisor of 126193269 and 285?
57
Calculate the highest common factor of 50507388 and 72.
36
What is the greatest common factor of 161405 and 78009585?
8495
Calculate the greatest common divisor of 1612 and 1394458.
26
Calculate the highest common divisor of 3726762 and 78.
78
Calculate the greatest common factor of 704508 and 4452.
84
What is the greatest common divisor of 17940710 and 6100?
610
Calculate the greatest common factor of 8550 and 20294280.
1710
What is the greatest common divisor of 694 and 63400?
2
Calculate the highest common divisor of 7371 and 28130571.
567
What is the greatest common divisor of 946 and 28754?
22
What is the greatest common divisor of 37920922 and 5510?
1102
Calculate the greatest common factor of 218904 and 1728.
24
What is the greatest common factor of 51768645 and 985?
985
What is the greatest common factor of 1895873 and 149051?
1393
What is the highest common divisor of 38352 and 189931888?
12784
Calculate the greatest common factor of 21844770 and 110370.
8490
What is the greatest common divisor of 40659608 and 256?
8
Calculate the highest common factor of 30660 and 55680.
60
What is the greatest common divisor of 7 and 2426893?
7
Calculate the highest common factor of 7 and 120638742.
7
What is the highest common divisor of 199290 and 116025?
1365
Calculate the greatest common factor of 465 and 611835.
15
Calculate the highest common factor of 18262424 and 6344.
488
What is the highest common factor of 1416 and 100027656?
1416
What is the greatest common factor of 34575761 and 3399?
1133
Calculate the greatest common factor of 107355054 and 6590.
1318
Calculate the greatest common factor of 388017 and 12528.
27
Calculate the highest common divisor of 2781 and 1129910.
103
Calculate the highest common divisor of 43091 and 3.
1
Calculate the highest common factor of 9285640 and 910.
910
Calculate the greatest common factor of 7938 and 148547.
7
Calculate the highest common factor of 16512880 and 160.
80
Calculate the highest common factor of 3185 and 22772995.
245
Calculate the greatest common factor of 5305 and 98675.
5
What is the greatest common factor of 1255 and 312230?
5
What is the greatest common factor of 8800 and 3278528?
352
Calculate the greatest common factor of 767999 and 83581.
1577
What is the greatest common divisor of 50725 and 760?
5
Calculate the highest common factor of 10707 and 2141151.
